-v**2 - 5*v + 3. Let p be g(r). Calculate the highest common divisor of p and 77.
7
Let a(k) be the second derivative of -k**5/20 - 3*k**4 + 11*k**3 - 26*k**2 - 4*k + 7. Let v be a(-38). Calculate the highest common divisor of 41 and v.
41
Suppose -403 = -68*s + 81*s. Let v be (-620)/s*(-4)/((-32)/6). Calculate the highest common factor of 12 and v.
3
Suppose 5*p - 11*p = -5164 - 19736. What is the greatest common divisor of p and 25?
25
Let l(u) = 13*u + 152. Let m be l(-5). Let j = -52 + 81. Calculate the highest common factor of m and j.
29
Let v be (420/6)/10 - 19/(95/(-40)). Suppose -2*h + h + 147 = 0. Suppose -78 = -5*u + h. Calculate the greatest common divisor of v and u.
15
Let l = -41 - -44. Let z be (-6 - 595/7)/(l/(-3)). Calculate the highest common factor of 104 and z.
13
Let i be (-5 + 1 - -4)/(-1). Suppose -4*x - 2*j = -620, i = 13*x - 16*x - 3*j + 462. Let p be (5/(-3))/((-4)/x). What is the highest common factor of p and 52?
13
Let w be (3/6)/(4/(-8)) + 60. Let l = w - 45. What is the greatest common divisor of l and 126?
14
Let l(s) = 2*s**2 + 5*s + 12. Let m be l(-3). Let f = 151 - m. What is the greatest common factor of f and 24?
8
Suppose 36*x - 39732 = -6*x. Calculate the highest common divisor of x and 430.
86
Suppose -3*v = b - 5 - 7, 2*v - 12 = -b. Suppose -2*w + b - 8 = 0. Suppose w*u + a = 9, 6 = 3*a - 5*a. What is the highest common divisor of 6 and u?
6
Let v(g) = -g**3 + 22*g**2 + 44*g - 450. Let d be v(23). Suppose 5*t - 823 = z, z + 35 + 128 = t. What is the greatest common factor of d and t?
33
Let z = 3 - 2. Let g(m) = 4*m**2 + 182*m + 315. Let v be g(-44). Calculate the highest common divisor of v and z.
1
Let g(p) = 16*p + 67. Let a be g(-3). Let l = 273 + -140. What is the greatest common divisor of a and l?
19
Suppose 55*i - 51*i = 192. Calculate the highest common factor of 1464 and i.
24
Let f(y) = -82*y - 632. Let i be f(-13). Calculate the highest common divisor of i and 350.
14
Let q be 95*(-2)/4*-2. Suppose 17*l - 15*l - 5*r = 122, 0 = 4*l + 5*r - 304. Let t = q - l. Calculate the highest common divisor of t and 36.
12
Suppose -30*v - 1628 = -34*v. What is the highest common factor of 74 and v?
37
Suppose -2*f = -8 + 2. Let t(s) = 50*s - s**2 - 1 - 47*s + s**3 + s**2. Let q be t(f). What is the highest common factor of 14 and q?
7
Let c = 5733 + -3940. Calculate the highest common factor of c and 33.
11
Suppose c - 3 = 3*i - 0*c, 2*i + 12 = 4*c. Let y be -5 + 8 - (-32 + i). Let s = -148 + 183. Calculate the greatest common factor of s and y.
35
Let t be (-10)/((12/(-9))/2). Let w = -7647 - -7752. Calculate the highest common divisor of w and t.
15
Suppose 5*p = -4*x + 8*p, 0 = 3*x - p - 5. Calculate the greatest common factor of x and 1660.
1
Let a = -38 - -59. Suppose 41 = a*v - 20*v. Suppose -5*b = -5*o + o - v, 0 = -4*o + 4. What is the highest common divisor of 9 and b?
9
Let f(u) = 3*u**2 + 89*u + 314. Let b be f(-34). What is the greatest common factor of b and 360?
36
Let b(l) = 54*l + 709. Let n be b(-10). Calculate the highest common divisor of n and 4225.
169
Let m be (13/13)/(-1 + (-12)/(-9)). Let j be m*7 + (10 - 10)/8. Calculate the highest common factor of 147 and j.
21
Suppose x - 2*i - 3974 = 0, -x - 5*i - 1522 + 5433 = 0. Calculate the greatest common divisor of 184 and x.
92
Let p(b) = b**2 + 6*b + 3. Let s be p(-9). Suppose 78 = 2*o - 4*x, -3*x + 20 = o - 9. What is the highest common divisor of o and s?
5
Suppose -l = -5*b - 5613, 5586 = -113*l + 114*l + 4*b. Calculate the highest common divisor of l and 18.
18
Let g(o) = -o**3 - 9*o**2 + 21*o + 1. Let n be g(-11). Suppose n = -8*c + 10*c. What is the greatest common divisor of 2 and c?
2
Let v be (-3)/((-3)/119) + 1. Suppose 4*c = -9*c - 2912. Let k = -194 - c. What is the highest common factor of v and k?
30
Let t be ((-1)/2)/((-20)/2960). Let m = 78 - t. Suppose u - 4*a - a = 57, u - m*a = 52. Calculate the greatest common factor of 8 and u.
8
Suppose -2*x = -2*o + 138, 0 = -4*o + 5*x - 0*x + 281. Let y = -478122 - -479146. What is the greatest common factor of y and o?
64
Suppose -2*s + 4*m = -80, 16*m = -2*s + 21*m + 83. What is the greatest common divisor of 4063 and s?
17
Let m = 2264 + -1304. Suppose 84*t - 2*a + 102 = 85*t, 3*t = -3*a + 333. What is the greatest common divisor of m and t?
120
Let l = 16610 + -16482. What is the highest common divisor of 320 and l?
64
Suppose 2*i + 2*p - 36 = 0, -106 = 38*i - 43*i + 3*p. What is the greatest common divisor of 1450 and i?
10
Let o be (-12)/27 - (-143)/99. Let u be o/(-4) - (-2 - 1/4). Calculate the greatest common factor of 7 and u.
1
Let m(w) = w**3 - 4*w**2 - 9*w + 66. Let k be m(5). What is the greatest common factor of k and 1150?
46
Let z = 42340 + -42337. Calculate the highest common divisor of z and 8367.
3
Suppose -4*w + 8 = 5*l + 6, -3*l = -2*w + 12. Suppose -w*n + 29 - 11 = 0. Suppose -11*z + n*z = -100. What is the greatest common factor of z and 10?
10
Let y = -30 + 30. Suppose 0 = -4*k - 5*j + 42, 3*j + 6 = -y*j. Let x = 556 - 465. Calculate the highest common divisor of x and k.
13
Let i = 14 + -8. Let j be (-168)/(-140) - (-2 - 16/20). What is the greatest common factor of j and i?
2
Suppose 0 = -2*i - 2*u + 6, -11 = i - 3*u - 2. Suppose i = -2*c - 43 + 55. Suppose 70 = -j + c*j. Calculate the highest common divisor of j and 21.
7
Suppose 46*q - 53*q = 0. Suppose -m + q = -20. Calculate the highest common divisor of 70 and m.
10
Let c = 121 - 125. Let j be c - (-2 + 1 + (-14 - 1)). What is the greatest common divisor of j and 21?
3
Suppose 0 = 11*r - 13*r + x + 3, -2*r = -3*x + 7. Suppose 2*p + r*o - 727 = -143, 4*o = -16. What is the highest common factor of 500 and p?
100
Let r be -41 - (1 + -13)/4. Let m = 40 + r. Suppose 26 = 4*q - m*q. What is the highest common factor of 13 and q?
13
Suppose 4*l - 199 = 206 - 109. Calculate the highest common factor of l and 5143.
37
Let q(b) = -30*b + 360. Let n(v) = -10*v + 121. Let x(t) = 8*n(t) - 3*q(t). Let l be x(36). What is the greatest common factor of l and 186?
62
Let h be ((-792)/3*-2)/(1 - 0). What is the highest common factor of 56 and h?
8
Let u(w) = 95*w**2 + 39*w - 392. Let c be u(7). What is the greatest common factor of c and 112?
56
Let k(l) = 18*l + 750. Let f be k(-41). What is the greatest common factor of f and 12?
12
Let o be (4/((-12)/(-15)))/((-3)/(-12)). Suppose -3*l = -2*l - o. Suppose l = 2*x - 108. What is the greatest common factor of x and 32?
32
Let w(v) = v**3 + 68*v**2 - 7*v - 434. Let d be w(-68). What is the greatest common factor of 10500 and d?
42
Let q(a) = a**3 + 2*a**2 - 24*a - 23. Let b be q(-7). Let w(t) = 134*t + 2. Let h be w(-1). Let i = b - h. Calculate the highest common divisor of 112 and i.
16
Suppose 819 = -2*a + 909. Calculate the greatest common factor of 486 and a.
9
Let t(k) = -k**3 + 2*k**2 + 19*k - 100. Let c be t(4). Let q be (12/9)/(1/(-33)). Let p = q - c. What is the highest common factor of 8 and p?
4
Let v = 56262 + -56260. Let o be 4/(-10) + 246/15. What is the greatest common factor of v and o?
2
Let k = 13161 - 12639. Calculate the greatest common factor of 324 and k.
18
Let w = -279 - -381. Let u be (39/(-2))/((-9)/w). Calculate the highest common factor of 13 and u.
13
Let h(g) = -348*g - 318. Let s be h(-4). Calculate the greatest common factor of s and 24.
6
Let h = -2434 - -2452. Calculate the greatest common divisor of h and 48798.
18
Let k be 2 - (-21)/(-12) - -1222*9/72. Let y be ((-18)/4)/(3/(-6)). What is the greatest common divisor of y and k?
9
Let s(t) = t**2 + 10*t - 44. Let v be s(-24). Suppose -7*r + 9*r - 2*b = 116, 4*b + v = 5*r. What is the highest common factor of 15 and r?
15
Let k(c) = c**2 - 4*c + 5. Let t be k(3). Let u be t - (5/(-10))/((-4)/(-2296)). Calculate the highest common factor of 17 and u.
17
Suppose -16*d + 4356 = -1020. Suppose 1050*h = 1057*h - d. Calculate the greatest common divisor of 16 and h.
16
Let a(t) = t. Let v be a(0). Suppose 4*p + p - 210 = v. Let g = -22 + 43. Calculate the highest common divisor of g and p.
21
Suppose 12*j - 241 = 899. Calculate the highest common divisor of j and 57.
19
Let c = 1032 + -1030. Suppose 0 = 3*o - 4*o + 1. Let m be -1 + o/1 - -14. What is the highest common factor of